{"id":536,"date":"2019-10-21T12:00:24","date_gmt":"2019-10-21T12:00:24","guid":{"rendered":"https:\/\/www.balticloop.eu\/?page_id=536"},"modified":"2021-04-25T09:31:56","modified_gmt":"2021-04-25T09:31:56","slug":"contacts","status":"publish","type":"page","link":"https:\/\/www.balticloop.eu\/index.php\/contacts\/","title":{"rendered":"Contacts"},"content":{"rendered":"<p>[et_pb_section fb_built=&#8221;1&#8243; _builder_version=&#8221;4.0.2&#8243;][et_pb_row _builder_version=&#8221;4.0.2&#8243;][et_pb_column type=&#8221;4_4&#8243; _builder_version=&#8221;4.0.2&#8243;][et_pb_team_member name=&#8221;Jari Hietaranta&#8221; position=&#8221;Project Lead partner&#8221; image_url=&#8221;https:\/\/www.balticloop.eu\/wp-content\/uploads\/2020\/01\/jari_hietaranta-1.jpg&#8221; _builder_version=&#8221;4.0.2&#8243; link_option_url=&#8221;www.tuas.fi\/en&#8221;]<\/p>\n<p><strong>Turku University of Applied Sciences Ltd. (Finland)<\/strong><br \/> <span><strong><\/strong><\/span><span><a href=\"mailto:ahmed.alaeddine@regionorebrolan.se\">jari.hietaranta@turkuamk.fi<\/a><\/span><br \/> +<span data-contrast=\"auto\" class=\"TextRun  BCX7 SCXW228360799\" xml:lang=\"EN-US\" lang=\"EN-US\"><span class=\"NormalTextRun  BCX7 SCXW228360799\">358\u202f400 479740<\/span><\/span><\/p>\n<p><span><a href=\"http:\/\/www.tuas.fi\/en\" target=\"_blank\" rel=\"noopener noreferrer\"><strong>www.tuas.fi\/en<\/strong><\/a><\/span><\/p>\n<p>[\/et_pb_team_member][\/et_pb_column][\/et_pb_row][et_pb_row _builder_version=&#8221;4.0.2&#8243;][et_pb_column type=&#8221;4_4&#8243; _builder_version=&#8221;4.0.2&#8243;][et_pb_team_member name=&#8221;Anita \u0100boli\u0146a&#8221; position=&#8221;Project Communication Manager&#8221; image_url=&#8221;https:\/\/www.balticloop.eu\/wp-content\/uploads\/2020\/01\/Anita-111-Copy.jpg&#8221; _builder_version=&#8221;4.0.2&#8243;]<\/p>\n<p><span><strong>Vidzeme Planning Region (Latvia)<\/strong><\/span><br \/> <span><strong><\/strong><\/span><span><a href=\"mailto:ahmed.alaeddine@regionorebrolan.se\">anita.abolina@vidzeme.lv<\/a><\/span><br \/> +<span data-contrast=\"auto\" class=\"TextRun  BCX7 SCXW241850896\" xml:lang=\"LV-LV\" lang=\"LV-LV\"><span class=\"NormalTextRun  BCX7 SCXW241850896\">371 29454752<\/span><\/span><\/p>\n<p><span><a href=\"http:\/\/www.vidzeme.lv\" target=\"_blank\" rel=\"noopener noreferrer\"><strong>www.vidzeme.lv<\/strong><\/a><\/span><\/p>\n<p>[\/et_pb_team_member][\/et_pb_column][\/et_pb_row][et_pb_row column_structure=&#8221;1_3,1_3,1_3&#8243; _builder_version=&#8221;4.0.2&#8243;][et_pb_column type=&#8221;1_3&#8243; _builder_version=&#8221;4.0.2&#8243;][et_pb_team_member name=&#8221;R\u016bdolfs Cimdi\u0146\u0161&#8221; position=&#8221;Project expert&#8221; image_url=&#8221;https:\/\/www.balticloop.eu\/wp-content\/uploads\/2019\/12\/rudolfs_cimdins.jpg&#8221; linkedin_url=&#8221;https:\/\/www.linkedin.com\/in\/rudolfs-cimdins-a62629b\/&#8221; _builder_version=&#8221;4.0.2&#8243; custom_padding=&#8221;||0px|||&#8221;]<\/p>\n<p><span><strong>R\u012bga Planning Region (Latvia)<\/strong><\/span><br \/> <span><strong><\/strong><\/span><span><a href=\"mailto:ahmed.alaeddine@regionorebrolan.se\">rudolfs.cimdins@rpr.gov.lv<\/a><\/span><br \/> +<span data-contrast=\"auto\" class=\"TextRun  BCX7 SCXW241850896\" xml:lang=\"LV-LV\" lang=\"LV-LV\"><span class=\"NormalTextRun  BCX7 SCXW241850896\">371 26320606<\/span><\/span><\/p>\n<p><span><a href=\"http:\/\/www.rpr.gov.lv\" target=\"_blank\" rel=\"noopener noreferrer\"><strong>www.rpr.gov.lv<\/strong><\/a><\/span><\/p>\n<p>[\/et_pb_team_member][\/et_pb_column][et_pb_column type=&#8221;1_3&#8243; _builder_version=&#8221;4.0.2&#8243;][et_pb_team_member name=&#8221;Aleksandra Serebrjakova&#8221; position=&#8221;Project manager&#8221; image_url=&#8221;https:\/\/www.balticloop.eu\/wp-content\/uploads\/2021\/04\/aleksandra.jpg&#8221; linkedin_url=&#8221;https:\/\/www.linkedin.com\/in\/aleksandra-serebrjakova\/&#8221; _builder_version=&#8221;4.7.7&#8243; hover_enabled=&#8221;0&#8243; border_radii_image=&#8221;off||||&#8221; sticky_enabled=&#8221;0&#8243; title_text=&#8221;aleksandra&#8221;]<\/p>\n<p><span><strong>Ventspils High Technology Park (Latvia)<\/strong><\/span><\/p>\n<p><a href=\"mailto:aleksandra.serebrjakova@vatp.lv\" target=\"_blank\" rel=\"noopener noreferrer\">aleksandra.serebrjakova@vatp.lv<\/a><br \/> +<span data-contrast=\"auto\" class=\"TextRun  BCX7 SCXW241850896\" xml:lang=\"LV-LV\" lang=\"LV-LV\"><span class=\"NormalTextRun  BCX7 SCXW241850896\">371 <span data-contrast=\"auto\" class=\"TextRun SCXW870794 BCX7\" xml:lang=\"EN-US\" lang=\"EN-US\"><span class=\"NormalTextRun SCXW870794 BCX7\">29587029<\/span><\/span><\/span><\/span><\/p>\n<p><span><a href=\"http:\/\/www.vatp.lv\" target=\"_blank\" rel=\"noopener noreferrer\"><strong>www.vatp.lv<\/strong><\/a><\/span><\/p>\n<p>[\/et_pb_team_member][\/et_pb_column][et_pb_column type=&#8221;1_3&#8243; _builder_version=&#8221;4.0.2&#8243;][et_pb_team_member name=&#8221;Irina Wahlstr\u00f6m &#8221; position=&#8221;Project manager&#8221; image_url=&#8221;https:\/\/www.balticloop.eu\/wp-content\/uploads\/2019\/12\/Wahlstrom_Irina_v02.jpg&#8221; _builder_version=&#8221;4.0.2&#8243;]<\/p>\n<p><strong>\u00c5bo Akademi University (Finland)<\/strong><br \/> <a href=\"mailto:irina.wahlstrom@abo.fi\">irina.wahlstrom@abo.fi<\/a><br \/> +<span data-contrast=\"auto\" class=\"TextRun  BCX7 SCXW185129442\" xml:lang=\"EN-US\" lang=\"EN-US\"><span class=\"NormalTextRun  BCX7 SCXW185129442\">358 50 394 6961<\/span><\/span><\/p>\n<p><span><strong><a href=\"http:\/\/www.abo.fi\" target=\"_blank\" rel=\"noopener noreferrer\">www.abo.fi<\/a><\/strong><\/span><\/p>\n<p>[\/et_pb_team_member][\/et_pb_column][\/et_pb_row][et_pb_row column_structure=&#8221;1_3,1_3,1_3&#8243; _builder_version=&#8221;4.0.2&#8243;][et_pb_column type=&#8221;1_3&#8243; _builder_version=&#8221;4.0.2&#8243;][et_pb_team_member name=&#8221;Ahmed Alaeddine&#8221; position=&#8221;Project manager &#8221; image_url=&#8221;https:\/\/www.balticloop.eu\/wp-content\/uploads\/2020\/12\/Ahmed-Alaeddine-project-leader.jpg&#8221; facebook_url=&#8221;https:\/\/www.facebook.com\/regionorebrolan\/&#8221; twitter_url=&#8221;https:\/\/twitter.com\/thealaeddine&#8221; linkedin_url=&#8221;https:\/\/se.linkedin.com\/in\/ahmed-alaeddine-7b767238&#8243; _builder_version=&#8221;4.7.4&#8243;]<\/p>\n<p><span style=\"font-size: 14px;\"><strong>Region \u00d6rebro (Sweden)<\/strong><\/span><br \/> <span style=\"font-size: 14px;\"><strong><\/strong><\/span><span style=\"color: #0c71c3;\"><a style=\"color: #0c71c3;\" href=\"mailto:ahmed.alaeddine@regionorebrolan.se\">ahmed.alaeddine@regionorebrolan.se<\/a><\/span><br \/> +46 76 695 29 22<\/p>\n<p><span style=\"color: #0c71c3;\"><a style=\"color: #0c71c3;\" href=\"http:\/\/www.regionorebrolan.se\" target=\"_blank\" rel=\"noopener noreferrer\"><strong>www.regionorebrolan.se<\/strong><\/a><\/span><\/p>\n<p>&nbsp;<\/p>\n<p>[\/et_pb_team_member][\/et_pb_column][et_pb_column type=&#8221;1_3&#8243; _builder_version=&#8221;4.0.2&#8243;][et_pb_team_member name=&#8221;Kaarel Kose&#8221; position=&#8221;Project manager&#8221; image_url=&#8221;https:\/\/www.balticloop.eu\/wp-content\/uploads\/2019\/10\/IMG_5436-e1571688040271.jpg&#8221; linkedin_url=&#8221;https:\/\/www.linkedin.com\/in\/kaarel-kose-b55615121\/&#8221; _builder_version=&#8221;4.0.2&#8243;]<\/p>\n<p><span><strong>Union of Harju County Municipalities (Estonia)<\/strong><\/span><br \/> <span><strong><\/strong><\/span><span><a href=\"mailto:ahmed.alaeddine@regionorebrolan.se\">kaarel.kose@hol.ee<\/a><\/span><br \/> +372\u00a052 08 480<\/p>\n<p><span><strong><a href=\"http:\/\/www.hol.ee\" target=\"_blank\" rel=\"noopener noreferrer\">www.hol.ee<\/a><\/strong><\/span><\/p>\n<p>&nbsp;<\/p>\n<p>[\/et_pb_team_member][\/et_pb_column][et_pb_column type=&#8221;1_3&#8243; _builder_version=&#8221;4.0.2&#8243;][et_pb_team_member name=&#8221;Inese J\u0113gere&#8221; position=&#8221;Project manager&#8221; image_url=&#8221;https:\/\/www.balticloop.eu\/wp-content\/uploads\/2020\/09\/inese_jegere.jpeg&#8221; _builder_version=&#8221;4.0.2&#8243;]<\/p>\n<p><span><strong>Vidzeme Planning Region (Latvia)<\/strong><\/span><br \/> <span><strong><\/strong><\/span><span><a href=\"mailto:ahmed.alaeddine@regionorebrolan.se\">inese.jegere@vidzeme.lv<\/a><\/span><br \/> +<span data-contrast=\"auto\" class=\"TextRun  BCX7 SCXW241850896\" xml:lang=\"LV-LV\" lang=\"LV-LV\"><span class=\"NormalTextRun  BCX7 SCXW241850896\">371 <span>28386853<\/span><\/span><\/span><\/p>\n<p><span><a href=\"http:\/\/www.vidzeme.lv\" target=\"_blank\" rel=\"noopener noreferrer\"><strong>www.vidzeme.lv<\/strong><\/a><\/span><\/p>\n<p>[\/et_pb_team_member][\/et_pb_column][\/et_pb_row][\/et_pb_section]<\/p>\n","protected":false},"excerpt":{"rendered":"<p>[et_pb_section fb_built=&#8221;1&#8243; _builder_version=&#8221;4.0.2&#8243;][et_pb_row _builder_version=&#8221;4.0.2&#8243;][et_pb_column type=&#8221;4_4&#8243; _builder_version=&#8221;4.0.2&#8243;][et_pb_team_member name=&#8221;Jari Hietaranta&#8221; position=&#8221;Project Lead partner&#8221; image_url=&#8221;https:\/\/www.balticloop.eu\/wp-content\/uploads\/2020\/01\/jari_hietaranta-1.jpg&#8221; _builder_version=&#8221;4.0.2&#8243; link_option_url=&#8221;www.tuas.fi\/en&#8221;] Turku University of Applied Sciences Ltd. (Finland) jari.hietaranta@turkuamk.fi +358\u202f400 479740 www.tuas.fi\/en [\/et_pb_team_member][\/et_pb_column][\/et_pb_row][et_pb_row _builder_version=&#8221;4.0.2&#8243;][et_pb_column type=&#8221;4_4&#8243; _builder_version=&#8221;4.0.2&#8243;][et_pb_team_member name=&#8221;Anita [&hellip;]<\/p>\n","protected":false},"author":1,"featured_media":0,"parent":0,"menu_order":0,"comment_status":"closed","ping_status":"closed","template":"","meta":{"_et_pb_use_builder":"on","_et_pb_old_content":"","_et_gb_content_width":"","_EventAllDay":false,"_EventTimezone":"","_EventStartDate":"","_EventEndDate":"","_EventStartDateUTC":"","_EventEndDateUTC":"","_EventShowMap":false,"_EventShowMapLink":false,"_EventURL":"","_EventCost":"","_EventCostDescription":"","_EventCurrencySymbol":"","_EventCurrencyPosition":"","_EventDateTimeSeparator":"","_EventTimeRangeSeparator":"","_EventOrganizerID":[],"_EventVenueID":0,"_OrganizerEmail":"","_OrganizerPhone":"","_OrganizerWebsite":"","_VenueAddress":"","_VenueCity":"","_VenueCountry":"","_VenueProvince":"","_VenueZip":"","_VenuePhone":"","_VenueURL":"","_VenueStateProvince":"","_VenueLat":"","_VenueLng":""},"_links":{"self":[{"href":"https:\/\/www.balticloop.eu\/index.php\/wp-json\/wp\/v2\/pages\/536"}],"collection":[{"href":"https:\/\/www.balticloop.eu\/index.php\/wp-json\/wp\/v2\/pages"}],"about":[{"href":"https:\/\/www.balticloop.eu\/index.php\/wp-json\/wp\/v2\/types\/page"}],"author":[{"embeddable":true,"href":"https:\/\/www.balticloop.eu\/index.php\/wp-json\/wp\/v2\/users\/1"}],"replies":[{"embeddable":true,"href":"https:\/\/www.balticloop.eu\/index.php\/wp-json\/wp\/v2\/comments?post=536"}],"version-history":[{"count":22,"href":"https:\/\/www.balticloop.eu\/index.php\/wp-json\/wp\/v2\/pages\/536\/revisions"}],"predecessor-version":[{"id":13926,"href":"https:\/\/www.balticloop.eu\/index.php\/wp-json\/wp\/v2\/pages\/536\/revisions\/13926"}],"wp:attachment":[{"href":"https:\/\/www.balticloop.eu\/index.php\/wp-json\/wp\/v2\/media?parent=536"}],"curies":[{"name":"wp","href":"https:\/\/api.w.org\/{rel}","templated":true}]}}